vert -10011101100 (base 2) to base 16.
-4ec
-2211 (base 7) to base 10
-792
What is -a04 (base 15) in base 3?
-10002111
Convert -4851 (base 9) to base 8.
-7032
What is -33233 (base 4) in base 10?
-1007
What is -33 (base 11) in base 7?
-51
Convert 2500 (base 6) to base 2.
1001100100
Convert 4173 (base 8) to base 16.
87b
What is -86a (base 16) in base 10?
-2154
What is 1002122 (base 3) in base 8?
1440
184 (base 10) to base 8
270
What is -9c2 (base 15) in base 3?
-10000202
-13513 (base 10) to base 6
-142321
758 (base 9) to base 11
514
-591 (base 14) to base 2
-10001010011
What is -4243 (base 5) in base 14?
-2cd
11a3 (base 12) to base 4
133023
2203001 (base 4) to base 16
28c1
What is 32211 (base 4) in base 6?
4153
What is -295 (base 15) in base 14?
-302
Convert -115620 (base 8) to base 5.
-2233244
110 (base 15) to base 7
462
Convert -5419 (base 13) to base 16.
-2da3
What is -11c (base 15) in base 12?
-190
What is 32736 (base 9) in base 12?
106b9
Convert 10010010101 (base 2) to base 10.
1173
1312 (base 4) to base 7
226
-11010 (base 4) to base 12
-230
Convert 1030 (base 5) to base 3.
12012
1021021 (base 4) to base 16
1249
-42130 (base 5) to base 12
-1746
What is 19c (base 13) in base 15?
14d
What is -141602 (base 7) in base 6?
-325122
What is 104446 (base 7) in base 9?
27224
What is -43103 (base 5) in base 3?
-10222112
What is -3223 (base 7) in base 16?
-478
What is -4a32 (base 11) in base 12?
-3975
What is 822 (base 14) in base 2?
11000111110
Convert -3311 (base 6) to base 3.
-1001021
44 (base 14) to base 3
2020
Convert 2662 (base 12) to base 14.
185c
Convert 98 (base 10) to base 13.
77
Convert 2053 (base 6) to base 9.
566
What is a3 (base 13) in base 10?
133
Convert 100010222 (base 3) to base 12.
3a38
What is 973 (base 14) in base 10?
1865
-364 (base 14) to base 10
-676
Convert 20a4 (base 15) to base 2.
1101011111000
8371 (base 11) to base 8
25521
What is 1101101000110 (base 2) in base 12?
405a
What is 2465 (base 8) in base 10?
1333
394 (base 11) to base 12
32a
-202401 (base 6) to base 15
-4ba4
Convert 46510 (base 8) to base 4.
10311020
What is -1694 (base 10) in base 6?
-11502
682 (base 16) to base 9
2251
What is -2667 (base 15) in base 7?
-32620
4520 (base 9) to base 10
3339
110101000 (base 2) to base 14
224
Convert 1635 (base 10) to base 15.
740
b27 (base 12) to base 9
2184
Convert 11d6 (base 14) to base 13.
1568
Convert -493c (base 13) to base 2.
-10100001111000
What is 200141 (base 5) in base 12?
3788
What is 4422 (base 5) in base 13?
381
-448b (base 13) to base 12
-5663
Convert -6061 (base 8) to base 10.
-3121
Convert 3c2 (base 14) to base 9.
1032
-15356 (base 8) to base 13
-31a4
Convert 6c9 (base 16) to base 10.
1737
Convert -598 (base 12) to base 16.
-344
4424 (base 8) to base 3
10012002
Convert -25152 (base 8) to base 6.
-122134
Convert 2142 (base 6) to base 13.
2c0
3610 (base 11) to base 5
122410
22913 (base 11) to base 9
50288
Convert 11059 (base 10) to base 8.
25463
Convert 143 (base 13) to base 3.
22022
48a (base 11) to base 15
28c
29d (base 15) to base 4
21112
Convert -3884 (base 11) to base 4.
-1032331
1060 (base 11) to base 16
575
111211 (base 3) to base 13
229
-20a25 (base 12) to base 10
-42941
What is -27059 (base 13) in base 12?
-35bbb
What is -1202112 (base 5) in base 8?
-53215
Convert -2e1 (base 16) to base 9.
-1008
1011100100 (base 2) to base 16
2e4
What is 5899 (base 12) in base 9?
14530
Convert -20024 (base 5) to base 11.
-a4a
Convert -375 (base 12) to base 13.
-311
Convert -110011001 (base 3) to base 11.
-6722
Convert 13221 (base 5) to base 9.
1408
Convert 5203 (base 11) to base 13.
31aa
-475 (base 14) to base 12
-61b
-755 (base 8) to base 9
-607
Convert -146 (base 12) to base 8.
-306
125 (base 9) to base 12
88
Convert 24014 (base 6) to base 13.
1768
Convert -52 (base 14) to base 7.
-132
33354 (base 6) to base 14
19c2
What is -39349 (base 11) in base 6?
-1112422
53357 (base 9) to base 13
130a5
-1272 (base 8) to base 5
-10243
Convert 10a (base 15) to base 12.
177
5a2 (base 12) to base 14
442
Convert 143341 (base 6) to base 7.
55030
Convert 10001220 (base 3) to base 13.
1032
What is -1012153 (base 6) in base 10?
-48453
-7676 (base 14) to base 4
-11000020
Convert 866 (base 10) to base 12.
602
What is 52a8 (base 11) in base 6?
52251
-376 (base 15) to base 8
-1422
Convert 13382 (base 10) to base 15.
3e72
-7430 (base 8) to base 12
-22a0
Convert 205 (base 11) to base 8.
367
84a (base 11) to base 13
608
What is -22121220 (base 4) in base 8?
-123150
What is 22220 (base 7) in base 16?
15e0
What is 367 (base 13) in base 10?
592
Convert 10314 (base 5) to base 7.
2032
What is -1aa (base 11) in base 5?
-1431
-a73 (base 15) to base 7
-6606
-107271 (base 8) to base 9
-55106
-4403 (base 5) to base 8
-1133
5591 (base 11) to base 15
22aa
What is 127 (base 12) in base 8?
257
-34375 (base 9) to base 10
-22910
27517 (base 9) to base 11
13011
What is -332501 (base 6) in base 9?
-42151
Convert 221221 (base 3) to base 11.
587
What is -122014 (base 5) in base 14?
-1990
1030021 (base 4) to base 3
20200111
-1001202002 (base 3) to base 9
-31662
651 (base 7) to base 16
14a
18f (base 16) to base 4
12033
What is 1290 (base 12) in base 6?
13500
-50ef (base 16) to base 15
-6214
Convert -4353 (base 6) to base 3.
-1101020
Convert 1010100011 (base 2) to base 9.
830
Convert 2201 (base 3) to base 10.
73
-147633 (base 9) to base 7
-526023
What is -16560 (base 7) in base 11?
-3625
-100202010 (base 3) to base 9
-10663
What is -1036 (base 10) in base 16?
-40c
What is -22943 (base 11) in base 16?
-8138
What is -3127 (base 15) in base 7?
-42166
What is 2065 (base 13) in base 9?
6124
-2a43 (base 12) to base 7
-20265
Convert bb05 (base 16) to base 2.
1011101100000101
What is -3223 (base 7) in base 11?
-950
What is 115467 (base 8) in base 7?
223563
What is 6a5 (base 16) in base 11?
1307
What is -2451 (base 6) in base 11?
-502
32 (base 7) to base 13
1a
Convert 64877 (base 9) to base 14.
11956
What is -e42 (base 16) in base 10?
-3650
What is 134134 (base 5) in base 6?
41400
What is -21124 (base 6) in base 5?
-42420
Convert -1140c (base 14) to base 15.
-c671
What is b079 (base 13) in base 16?
5ecb
Convert 1082 (base 12) to base 8.
3442
What is 32305 (base 6) in base 8?
10521
Convert 5112 (base 6) to base 11.
932
Convert 114244 (base 6) to base 15.
2e91
-947 (base 11) to base 5
-14030
113 (base 9) to base 13
72
Convert -103a (base 13) to base 8.
-4306
What is 1764 (base 13) in base 3?
11202020
What is -3400 (base 5) in base 16?
-1db
Convert 150515 (base 7) to base 15.
892e
2aa2 (base 11) to base 14
1648
1112112 (base 3) to base 13
683
What is 7578 (base 11) in base 7?
41114
What is 1243 (base 6) in base 11?
267
2031 (base 4) to base 2
10001101
-c0b (base 16) to base 6
-22135
b1 (base 12) to base 11
111
Convert -3c59 (base 13) to base 15.
-2898
What is 6065 (base 9) in base 13?
2030
Convert 1012 (base 8) to base 6.
2230
What is -b676 (base 16) in base 12?
-23046
-5706 (base 8) to base 10
-3014
What is 10000001011110 (base 2) in base 9?
12326
Convert -61 (base 9) to base 2.
-110111
Convert 133 (base 11) to base 8.
235
What is 123303 (base 5) in base 12?
2964
123320 (base 6) to base 3
120021110
-10011111101100 (base 2) to base 14
-3a20
Convert 2b4 (base 14) to base 10.
550
c23 (base 13) to base 10
2057
-36816 (base 11) to base 9
-80501
4303 (base 5) to base 16
242
Convert -2146 (base 15) to base 16.
-1b81
What is -34b (base 12) in base 4?
-13223
Convert -2053 (base 14) to base 12.
-3275
-2672 (base 10) to base 5
-41142
-1310132 (base 4) to base 2
-1110100011110
Convert -1870 (base 13) to base 6.
-24504
What is -102230 (base 4) in base 16?
-4ac
Convert 2144 (base 6) to base 13.
2c2
-1001001110 (base 2) to base 11
-497
What is -1330 (base 8) in base 16?
-2d8
Convert -dd9 (base 15) to base 16.
-c39
Convert -201102211 (base 3) to base 12.
-824a
23016 (base 8) to base 5
302432
What is 150451 (base 6) in base 11?
a92a
12a6 (base 11) to base 8
3231
Convert 3a7 (base 13) to base 9.
785
Convert 644 (base 8) to base 12.
2b0
Convert 68ab (base 12) to base 14.
4363
What is -2000201 (base 3) in base 7?
-4210
Convert -63703 (base 9) to base 5.
-2321443
100100011100 (base 2) to base 7
6541
What is -60646 (base 10) in base 14?
-1815c
Convert -1210 (base 9) to base 15.
-400
Convert 109 (ba